{"id":554,"date":"2022-11-24T19:44:30","date_gmt":"2022-11-24T18:44:30","guid":{"rendered":"http:\/\/vsstpoelten-spratzern.ac.at\/wordpress?page_id=554"},"modified":"2023-01-17T17:10:01","modified_gmt":"2023-01-17T16:10:01","slug":"nachmittagsbetreuung","status":"publish","type":"page","link":"https:\/\/vsstpoelten-spratzern.ac.at\/wordpress\/nachmittagsbetreuung\/","title":{"rendered":"Nachmittagsbetreuung"},"content":{"rendered":"\t\t<div data-elementor-type=\"wp-page\" data-elementor-id=\"554\" class=\"elementor elementor-554\">\n\t\t\t\t\t\t<section class=\"elementor-section elementor-top-section elementor-element elementor-element-0382ed5 elementor-section-boxed elementor-section-height-default elementor-section-height-default\" data-id=\"0382ed5\" data-element_type=\"section\">\n\t\t\t\t\t\t<div class=\"elementor-container elementor-column-gap-default\">\n\t\t\t\t\t<div class=\"elementor-column elementor-col-100 elementor-top-column elementor-element elementor-element-8001c16\" data-id=\"8001c16\" data-element_type=\"column\">\n\t\t\t<div class=\"elementor-widget-wrap elementor-element-populated\">\n\t\t\t\t\t\t<div class=\"elementor-element elementor-element-f5f3257 elementor-widget elementor-widget-heading\" data-id=\"f5f3257\" data-element_type=\"widget\" data-widget_type=\"heading.default\">\n\t\t\t\t<div class=\"elementor-widget-container\">\n\t\t\t\t\t<h2 class=\"elementor-heading-title elementor-size-default\">Nachmittagsbetreuung<\/h2>\t\t\t\t<\/div>\n\t\t\t\t<\/div>\n\t\t\t\t<div class=\"elementor-element elementor-element-adb4a56 elementor-widget elementor-widget-spacer\" data-id=\"adb4a56\" data-element_type=\"widget\" data-widget_type=\"spacer.default\">\n\t\t\t\t<div class=\"elementor-widget-container\">\n\t\t\t\t\t\t\t<div class=\"elementor-spacer\">\n\t\t\t<div class=\"elementor-spacer-inner\"><\/div>\n\t\t<\/div>\n\t\t\t\t\t\t<\/div>\n\t\t\t\t<\/div>\n\t\t\t\t\t<\/div>\n\t\t<\/div>\n\t\t\t\t\t<\/div>\n\t\t<\/section>\n\t\t\t\t<section class=\"elementor-section elementor-top-section elementor-element elementor-element-9332ae1 elementor-section-boxed elementor-section-height-default elementor-section-height-default\" data-id=\"9332ae1\" data-element_type=\"section\">\n\t\t\t\t\t\t<div class=\"elementor-container elementor-column-gap-default\">\n\t\t\t\t\t<div class=\"elementor-column elementor-col-100 elementor-top-column elementor-element elementor-element-ef96766\" data-id=\"ef96766\" data-element_type=\"column\">\n\t\t\t<div class=\"elementor-widget-wrap elementor-element-populated\">\n\t\t\t\t\t\t<div class=\"elementor-element elementor-element-2c49762 elementor-widget elementor-widget-text-editor\" data-id=\"2c49762\" data-element_type=\"widget\" data-widget_type=\"text-editor.default\">\n\t\t\t\t<div class=\"elementor-widget-container\">\n\t\t\t\t\t\t\t\t\t<p>Willkommen in der schulischen Nachmittagsbetreuung!<\/p><p>Die Betreuung der Kinder am Nachmittag beginnt nach der 4. Unterrichtsstunde und endet von Montag bis Freitag jeweils um 16:00 Uhr. Nach dem gemeinsamen Mittagessen in der gro\u00dfen K\u00fcche beginnt die Lernstunde, die von den Lehrkr\u00e4ften gef\u00fchrt wird.<\/p><p>Anschlie\u00dfend haben die Kinder in der Nachmittagsbetreuung Zeit, mit ihren Freunden zu spielen, zu basteln oder zu malen. Dies ist in zwei gem\u00fctlichen R\u00e4umen oder im Turnsaal m\u00f6glich.<\/p><p>Wichtig ist, dass sich die Kinder wohl f\u00fchlen und auch einen Ausgleich an der frischen Luft im sch\u00f6nen Schulgarten finden.<\/p>\t\t\t\t\t\t\t\t<\/div>\n\t\t\t\t<\/div>\n\t\t\t\t\t<\/div>\n\t\t<\/div>\n\t\t\t\t\t<\/div>\n\t\t<\/section>\n\t\t\t\t<section class=\"elementor-section elementor-top-section elementor-element elementor-element-3700f31 elementor-section-boxed elementor-section-height-default elementor-section-height-default\" data-id=\"3700f31\" data-element_type=\"section\">\n\t\t\t\t\t\t<div class=\"elementor-container elementor-column-gap-default\">\n\t\t\t\t\t<div class=\"elementor-column elementor-col-50 elementor-top-column elementor-element elementor-element-74e5cc4\" data-id=\"74e5cc4\" data-element_type=\"column\">\n\t\t\t<div class=\"elementor-widget-wrap elementor-element-populated\">\n\t\t\t\t\t\t<div class=\"elementor-element elementor-element-12aec4d elementor-position-top elementor-widget elementor-widget-image-box\" data-id=\"12aec4d\" data-element_type=\"widget\" data-widget_type=\"image-box.default\">\n\t\t\t\t<div class=\"elementor-widget-container\">\n\t\t\t\t\t<div class=\"elementor-image-box-wrapper\"><figure class=\"elementor-image-box-img\"><img decoding=\"async\" src=\"http:\/\/vsstpoelten-spratzern.ac.at\/wordpress\/wp-content\/uploads\/2023\/01\/yAQ7FktAx1_H0bGQtO2hqVQwUpYXPloCRRaDIejLkuU_plaintext_638091157329075706.jpg\" title=\"\" alt=\"\" loading=\"lazy\" \/><\/figure><div class=\"elementor-image-box-content\"><h3 class=\"elementor-image-box-title\">Carina Schuster<\/h3><\/div><\/div>\t\t\t\t<\/div>\n\t\t\t\t<\/div>\n\t\t\t\t\t<\/div>\n\t\t<\/div>\n\t\t\t\t<div class=\"elementor-column elementor-col-50 elementor-top-column elementor-element elementor-element-30f8a1f\" data-id=\"30f8a1f\" data-element_type=\"column\">\n\t\t\t<div class=\"elementor-widget-wrap elementor-element-populated\">\n\t\t\t\t\t\t<div class=\"elementor-element elementor-element-026ebd8 elementor-position-top elementor-widget elementor-widget-image-box\" data-id=\"026ebd8\" data-element_type=\"widget\" data-widget_type=\"image-box.default\">\n\t\t\t\t<div class=\"elementor-widget-container\">\n\t\t\t\t\t<div class=\"elementor-image-box-wrapper\"><figure class=\"elementor-image-box-img\"><img decoding=\"async\" src=\"http:\/\/vsstpoelten-spratzern.ac.at\/wordpress\/wp-content\/uploads\/2023\/01\/IMG-20230112-WA0002.jpg\" title=\"\" alt=\"\" loading=\"lazy\" \/><\/figure><div class=\"elementor-image-box-content\"><h3 class=\"elementor-image-box-title\">Necla Bing\u00f6ltepe<\/h3><\/div><\/div>\t\t\t\t<\/div>\n\t\t\t\t<\/div>\n\t\t\t\t\t<\/div>\n\t\t<\/div>\n\t\t\t\t\t<\/div>\n\t\t<\/section>\n\t\t\t\t<section class=\"elementor-section elementor-top-section elementor-element elementor-element-a224268 elementor-section-boxed elementor-section-height-default elementor-section-height-default\" data-id=\"a224268\" data-element_type=\"section\">\n\t\t\t\t\t\t<div class=\"elementor-container elementor-column-gap-default\">\n\t\t\t\t\t<div class=\"elementor-column elementor-col-100 elementor-top-column elementor-element elementor-element-2839700\" data-id=\"2839700\" data-element_type=\"column\">\n\t\t\t<div class=\"elementor-widget-wrap elementor-element-populated\">\n\t\t\t\t\t\t<div class=\"elementor-element elementor-element-a17e142 elementor-widget elementor-widget-spacer\" data-id=\"a17e142\" data-element_type=\"widget\" data-widget_type=\"spacer.default\">\n\t\t\t\t<div class=\"elementor-widget-container\">\n\t\t\t\t\t\t\t<div class=\"elementor-spacer\">\n\t\t\t<div class=\"elementor-spacer-inner\"><\/div>\n\t\t<\/div>\n\t\t\t\t\t\t<\/div>\n\t\t\t\t<\/div>\n\t\t\t\t\t<\/div>\n\t\t<\/div>\n\t\t\t\t\t<\/div>\n\t\t<\/section>\n\t\t\t\t<\/div>\n\t\t","protected":false},"excerpt":{"rendered":"<p>Nachmittagsbetreuung Willkommen in der schulischen Nachmittagsbetreuung! Die Betreuung der Kinder am Nachmittag beginnt nach der 4. Unterrichtsstunde und endet von Montag bis Freitag jeweils um 16:00 Uhr. Nach dem gemeinsamen Mittagessen in der gro\u00dfen K\u00fcche beginnt die Lernstunde, die von den Lehrkr\u00e4ften gef\u00fchrt wird. Anschlie\u00dfend haben die Kinder in der Nachmittagsbetreuung Zeit, mit ihren Freunden [&hellip;]<\/p>\n","protected":false},"author":1,"featured_media":0,"parent":0,"menu_order":0,"comment_status":"closed","ping_status":"closed","template":"page-templates\/template-pagebuilder-full-width.php","meta":{"footnotes":""},"class_list":["post-554","page","type-page","status-publish","hentry"],"_links":{"self":[{"href":"https:\/\/vsstpoelten-spratzern.ac.at\/wordpress\/wp-json\/wp\/v2\/pages\/554","targetHints":{"allow":["GET"]}}],"collection":[{"href":"https:\/\/vsstpoelten-spratzern.ac.at\/wordpress\/wp-json\/wp\/v2\/pages"}],"about":[{"href":"https:\/\/vsstpoelten-spratzern.ac.at\/wordpress\/wp-json\/wp\/v2\/types\/page"}],"author":[{"embeddable":true,"href":"https:\/\/vsstpoelten-spratzern.ac.at\/wordpress\/wp-json\/wp\/v2\/users\/1"}],"replies":[{"embeddable":true,"href":"https:\/\/vsstpoelten-spratzern.ac.at\/wordpress\/wp-json\/wp\/v2\/comments?post=554"}],"version-history":[{"count":65,"href":"https:\/\/vsstpoelten-spratzern.ac.at\/wordpress\/wp-json\/wp\/v2\/pages\/554\/revisions"}],"predecessor-version":[{"id":1744,"href":"https:\/\/vsstpoelten-spratzern.ac.at\/wordpress\/wp-json\/wp\/v2\/pages\/554\/revisions\/1744"}],"wp:attachment":[{"href":"https:\/\/vsstpoelten-spratzern.ac.at\/wordpress\/wp-json\/wp\/v2\/media?parent=554"}],"curies":[{"name":"wp","href":"https:\/\/api.w.org\/{rel}","templated":true}]}}